{"id":2013,"date":"2022-05-27T11:21:01","date_gmt":"2022-05-27T08:21:01","guid":{"rendered":"https:\/\/kirikute\u00f6\u00f6.ee\/?page_id=2013"},"modified":"2025-05-05T16:57:39","modified_gmt":"2025-05-05T13:57:39","slug":"rannu-kirik","status":"publish","type":"page","link":"https:\/\/kirikute\u00f6\u00f6.ee\/?page_id=2013","title":{"rendered":"Rannu kirik"},"content":{"rendered":"\t\t<div data-elementor-type=\"wp-page\" data-elementor-id=\"2013\" class=\"elementor elementor-2013\" data-elementor-settings=\"[]\">\n\t\t\t\t\t\t<div class=\"elementor-inner\">\n\t\t\t\t\t\t\t<div class=\"elementor-section-wrap\">\n\t\t\t\t\t\t\t<section class=\"elementor-section elementor-top-section elementor-element elementor-element-369a4101 elementor-section-boxed elementor-section-height-default elementor-section-height-default\" data-id=\"369a4101\" data-element_type=\"section\">\n\t\t\t\t\t\t<div class=\"elementor-container elementor-column-gap-default\">\n\t\t\t\t\t\t\t<div class=\"elementor-row\">\n\t\t\t\t\t<div class=\"elementor-column elementor-col-100 elementor-top-column elementor-element elementor-element-7e868ce\" data-id=\"7e868ce\" data-element_type=\"column\">\n\t\t\t<div class=\"elementor-column-wrap elementor-element-populated\">\n\t\t\t\t\t\t\t<div class=\"elementor-widget-wrap\">\n\t\t\t\t\t\t<div class=\"elementor-element elementor-element-4ba68dc7 elementor-widget elementor-widget-heading\" data-id=\"4ba68dc7\" data-element_type=\"widget\" data-widget_type=\"heading.default\">\n\t\t\t\t<div class=\"elementor-widget-container\">\n\t\t\t<h2 class=\"elementor-heading-title elementor-size-large\">Rannu P\u00fcha Martini kirik<\/h2>\t\t<\/div>\n\t\t\t\t<\/div>\n\t\t\t\t<section class=\"elementor-section elementor-inner-section elementor-element elementor-element-675031be elementor-section-full_width elementor-section-content-top elementor-section-height-default elementor-section-height-default\" data-id=\"675031be\" data-element_type=\"section\">\n\t\t\t\t\t\t<div class=\"elementor-container elementor-column-gap-default\">\n\t\t\t\t\t\t\t<div class=\"elementor-row\">\n\t\t\t\t\t<div class=\"elementor-column elementor-col-100 elementor-inner-column elementor-element elementor-element-38e54f77\" data-id=\"38e54f77\" data-element_type=\"column\">\n\t\t\t<div class=\"elementor-column-wrap elementor-element-populated\">\n\t\t\t\t\t\t\t<div class=\"elementor-widget-wrap\">\n\t\t\t\t\t\t<div class=\"elementor-element elementor-element-3b83e8ab elementor-widget elementor-widget-text-editor\" data-id=\"3b83e8ab\" data-element_type=\"widget\" data-widget_type=\"text-editor.default\">\n\t\t\t\t<div class=\"elementor-widget-container\">\n\t\t\t\t\t\t\t\t<div class=\"elementor-text-editor elementor-clearfix\">\n\t\t\t\t\t<p><strong>Avatud kell 19-23<br \/>M\u00e4ngib orelimuusika, v\u00f5imalus k\u00fclastada kirikut<\/strong><\/p><ul><li><strong>22.00 Taize palvus<\/strong><\/li><\/ul>\t\t\t\t\t<\/div>\n\t\t\t\t\t\t<\/div>\n\t\t\t\t<\/div>\n\t\t\t\t\t\t<\/div>\n\t\t\t\t\t<\/div>\n\t\t<\/div>\n\t\t\t\t\t\t\t\t<\/div>\n\t\t\t\t\t<\/div>\n\t\t<\/section>\n\t\t\t\t<section class=\"elementor-section elementor-inner-section elementor-element elementor-element-7ec95e3c elementor-section-boxed elementor-section-height-default elementor-section-height-default\" data-id=\"7ec95e3c\" data-element_type=\"section\">\n\t\t\t\t\t\t<div class=\"elementor-container elementor-column-gap-default\">\n\t\t\t\t\t\t\t<div class=\"elementor-row\">\n\t\t\t\t\t<div class=\"elementor-column elementor-col-50 elementor-inner-column elementor-element elementor-element-5da488fe\" data-id=\"5da488fe\" data-element_type=\"column\">\n\t\t\t<div class=\"elementor-column-wrap elementor-element-populated\">\n\t\t\t\t\t\t\t<div class=\"elementor-widget-wrap\">\n\t\t\t\t\t\t<div class=\"elementor-element elementor-element-ba5affa elementor-widget elementor-widget-image\" data-id=\"ba5affa\" data-element_type=\"widget\" data-widget_type=\"image.default\">\n\t\t\t\t<div class=\"elementor-widget-container\">\n\t\t\t\t\t\t\t\t<div class=\"elementor-image\">\n\t\t\t\t\t\t\t\t\t\t\t\t<img loading=\"lazy\" decoding=\"async\" width=\"300\" height=\"300\" src=\"https:\/\/kirikute\u00f6\u00f6.ee\/wp-content\/uploads\/2022\/05\/rannu2-300x300.jpg\" class=\"attachment-medium size-medium\" alt=\"\" srcset=\"https:\/\/kirikute\u00f6\u00f6.ee\/wp-content\/uploads\/2022\/05\/rannu2-300x300.jpg 300w, https:\/\/kirikute\u00f6\u00f6.ee\/wp-content\/uploads\/2022\/05\/rannu2-150x150.jpg 150w, https:\/\/kirikute\u00f6\u00f6.ee\/wp-content\/uploads\/2022\/05\/rannu2.jpg 500w\" sizes=\"auto, (max-width: 300px) 100vw, 300px\" \/>\t\t\t\t\t\t\t\t\t\t\t\t\t\t<\/div>\n\t\t\t\t\t\t<\/div>\n\t\t\t\t<\/div>\n\t\t\t\t\t\t<\/div>\n\t\t\t\t\t<\/div>\n\t\t<\/div>\n\t\t\t\t<div class=\"elementor-column elementor-col-50 elementor-inner-column elementor-element elementor-element-6601cd4b\" data-id=\"6601cd4b\" data-element_type=\"column\">\n\t\t\t<div class=\"elementor-column-wrap elementor-element-populated\">\n\t\t\t\t\t\t\t<div class=\"elementor-widget-wrap\">\n\t\t\t\t\t\t<div class=\"elementor-element elementor-element-32cb0130 elementor-widget elementor-widget-text-editor\" data-id=\"32cb0130\" data-element_type=\"widget\" data-widget_type=\"text-editor.default\">\n\t\t\t\t<div class=\"elementor-widget-container\">\n\t\t\t\t\t\t\t\t<div class=\"elementor-text-editor elementor-clearfix\">\n\t\t\t\t\t<p>Rannu kihelkond on \u00fcks vanemaid Eestis. Teadaolevalt oli Rannus iseseisev preester juba 1347. aastal. Praegusel kohal paiknev p\u00fcha Martinuse kirik p\u00e4rineb 15. sajandist. Sellele viitavad m\u00f5ned kiriku kooris ja pikihoones s\u00e4ilinud detailid, mis samas kinnitavad, et Rannu kirik v\u00f5is sel ajal olla sisekujunduselt Eesti kirikute hulgas \u00fcks v\u00e4ljapaistvamaid.<\/p><p>Kiriku hoone on aegade jooksul mitmel korral kannatada saanud, n\u00e4iteks 1627. aastal olid kirikust s\u00e4ilinud vaid v\u00e4lisseinad. Uuesti \u00fcles ehitamisel v\u00f5lvlage taastama ei hakatud, vaid kaeti kirikusaal laudlaega. P\u00f5hjalikud juurdeehitused teostati kirikus 1835. aastal, mil ehitati kirikule ligi 33 meetri k\u00f5rgune torn. \u00dcmberehitusi tehti ka \u00f5petaja Assmuthi ajal, 1876. aastal.<\/p><p>Altar on gooti stiilis, valmistatud Tartus tislermeister Bandelier\u2019 t\u00f6\u00f6kojas 1890. aastal. Altarimaali on samal aastal maalinud kunstnik R. von zur M\u00fchlen ja sellel kujutatakse Kristust ristil koos taganutjatega.<\/p><p>Vanematest esemetest v\u00f5ib nimetada veel puust rahapakku, mille kaanelt v\u00f5ime lugeda daatumit 1755.<br \/><span style=\"font-size: 14px;\">\u00dcks kroonl\u00fchtritest on annetatud Rootsi kuninga Karl XII ajal, sellel on annetuse aastaarvuks 1699. Elektrivalgustuse sai kirik 1937. aastal.<br \/><\/span><span style=\"font-size: 14px;\">Orel on ehitatud 1906. aastal vendade Kriisade poolt, oreli prospekt on samuti pseudogooti stiilis.<\/span><\/p><p>Kirik remonditi t\u00e4ielikult 1991. aastal (uus katus, lagi ja p\u00f5rand ning elektris\u00fcsteem, \u00fcle v\u00e4rvitud seinad, interj\u00f6\u00f6r) ja on heas korras.<\/p>\t\t\t\t\t<\/div>\n\t\t\t\t\t\t<\/div>\n\t\t\t\t<\/div>\n\t\t\t\t\t\t<\/div>\n\t\t\t\t\t<\/div>\n\t\t<\/div>\n\t\t\t\t\t\t\t\t<\/div>\n\t\t\t\t\t<\/div>\n\t\t<\/section>\n\t\t\t\t<section class=\"elementor-section elementor-inner-section elementor-element elementor-element-481b1bcf elementor-section-boxed elementor-section-height-default elementor-section-height-default\" data-id=\"481b1bcf\" data-element_type=\"section\">\n\t\t\t\t\t\t<div class=\"elementor-container elementor-column-gap-default\">\n\t\t\t\t\t\t\t<div class=\"elementor-row\">\n\t\t\t\t\t<div class=\"elementor-column elementor-col-50 elementor-inner-column elementor-element elementor-element-7677b744\" data-id=\"7677b744\" data-element_type=\"column\">\n\t\t\t<div class=\"elementor-column-wrap elementor-element-populated\">\n\t\t\t\t\t\t\t<div class=\"elementor-widget-wrap\">\n\t\t\t\t\t\t<div class=\"elementor-element elementor-element-17b4f56e elementor-widget elementor-widget-google_maps\" data-id=\"17b4f56e\" data-element_type=\"widget\" data-widget_type=\"google_maps.default\">\n\t\t\t\t<div class=\"elementor-widget-container\">\n\t\t\t<div class=\"elementor-custom-embed\"><iframe frameborder=\"0\" scrolling=\"no\" marginheight=\"0\" marginwidth=\"0\" src=\"https:\/\/maps.google.com\/maps?q=Rannu%20kirik&amp;t=m&amp;z=13&amp;output=embed&amp;iwloc=near\" title=\"Rannu kirik\" aria-label=\"Rannu kirik\"><\/iframe><\/div>\t\t<\/div>\n\t\t\t\t<\/div>\n\t\t\t\t\t\t<\/div>\n\t\t\t\t\t<\/div>\n\t\t<\/div>\n\t\t\t\t<div class=\"elementor-column elementor-col-50 elementor-inner-column elementor-element elementor-element-68cd0c94\" data-id=\"68cd0c94\" data-element_type=\"column\">\n\t\t\t<div class=\"elementor-column-wrap elementor-element-populated\">\n\t\t\t\t\t\t\t<div class=\"elementor-widget-wrap\">\n\t\t\t\t\t\t<div class=\"elementor-element elementor-element-58c5939d elementor-widget elementor-widget-text-editor\" data-id=\"58c5939d\" data-element_type=\"widget\" data-widget_type=\"text-editor.default\">\n\t\t\t\t<div class=\"elementor-widget-container\">\n\t\t\t\t\t\t\t\t<div class=\"elementor-text-editor elementor-clearfix\">\n\t\t\t\t\t<p><strong>Aadress:\u00a0<span style=\"color: #202124; font-family: arial, sans-serif; font-size: 14px; font-style: normal; font-variant-ligatures: normal; font-variant-caps: normal;\">Neemisk\u00fcla, 61109 Tartumaa<\/span><\/strong><\/p><p><a href=\"https:\/\/rannu.eelk.ee\/\"><strong><span style=\"color: #b50048;\">rannu.eelk.ee<\/span><\/strong><\/a><br \/><a href=\"https:\/\/www.facebook.com\/rannukogudus\"><strong><span style=\"color: #b50048;\">facebook \u00bb\u00bb<\/span><\/strong><\/a>\u00a0<\/p>\t\t\t\t\t<\/div>\n\t\t\t\t\t\t<\/div>\n\t\t\t\t<\/div>\n\t\t\t\t\t\t<\/div>\n\t\t\t\t\t<\/div>\n\t\t<\/div>\n\t\t\t\t\t\t\t\t<\/div>\n\t\t\t\t\t<\/div>\n\t\t<\/section>\n\t\t\t\t\t\t<\/div>\n\t\t\t\t\t<\/div>\n\t\t<\/div>\n\t\t\t\t\t\t\t\t<\/div>\n\t\t\t\t\t<\/div>\n\t\t<\/section>\n\t\t\t\t\t\t<\/div>\n\t\t\t\t\t\t<\/div>\n\t\t\t\t\t<\/div>\n\t\t","protected":false},"excerpt":{"rendered":"<p>Rannu P\u00fcha Martini kirik Avatud kell 19-23M\u00e4ngib orelimuusika, v\u00f5imalus k\u00fclastada kirikut 22.00 Taize palvus Rannu kihelkond on \u00fcks vanemaid Eestis. Teadaolevalt oli Rannus iseseisev preester juba 1347. aastal. Praegusel kohal paiknev p\u00fcha Martinuse kirik p\u00e4rineb 15. sajandist. Sellele viitavad m\u00f5ned kiriku kooris ja pikihoones s\u00e4ilinud detailid, mis samas kinnitavad, et Rannu kirik v\u00f5is sel ajal [&hellip;]<\/p>\n","protected":false},"author":1,"featured_media":0,"parent":0,"menu_order":0,"comment_status":"closed","ping_status":"closed","template":"","meta":{"footnotes":""},"wf_page_folders":[15],"class_list":["post-2013","page","type-page","status-publish","hentry","entry"],"_links":{"self":[{"href":"https:\/\/kirikute\u00f6\u00f6.ee\/index.php?rest_route=\/wp\/v2\/pages\/2013","targetHints":{"allow":["GET"]}}],"collection":[{"href":"https:\/\/kirikute\u00f6\u00f6.ee\/index.php?rest_route=\/wp\/v2\/pages"}],"about":[{"href":"https:\/\/kirikute\u00f6\u00f6.ee\/index.php?rest_route=\/wp\/v2\/types\/page"}],"author":[{"embeddable":true,"href":"https:\/\/kirikute\u00f6\u00f6.ee\/index.php?rest_route=\/wp\/v2\/users\/1"}],"replies":[{"embeddable":true,"href":"https:\/\/kirikute\u00f6\u00f6.ee\/index.php?rest_route=%2Fwp%2Fv2%2Fcomments&post=2013"}],"version-history":[{"count":43,"href":"https:\/\/kirikute\u00f6\u00f6.ee\/index.php?rest_route=\/wp\/v2\/pages\/2013\/revisions"}],"predecessor-version":[{"id":4315,"href":"https:\/\/kirikute\u00f6\u00f6.ee\/index.php?rest_route=\/wp\/v2\/pages\/2013\/revisions\/4315"}],"wp:attachment":[{"href":"https:\/\/kirikute\u00f6\u00f6.ee\/index.php?rest_route=%2Fwp%2Fv2%2Fmedia&parent=2013"}],"wp:term":[{"taxonomy":"wf_page_folders","embeddable":true,"href":"https:\/\/kirikute\u00f6\u00f6.ee\/index.php?rest_route=%2Fwp%2Fv2%2Fwf_page_folders&post=2013"}],"curies":[{"name":"wp","href":"https:\/\/api.w.org\/{rel}","templated":true}]}}