{"id":2368,"date":"2022-06-02T17:04:46","date_gmt":"2022-06-02T14:04:46","guid":{"rendered":"https:\/\/kirikute\u00f6\u00f6.ee\/?page_id=2368"},"modified":"2025-05-27T13:27:23","modified_gmt":"2025-05-27T10:27:23","slug":"ambla-maarja-kirik","status":"publish","type":"page","link":"https:\/\/kirikute\u00f6\u00f6.ee\/?page_id=2368","title":{"rendered":"Ambla Maarja kirik"},"content":{"rendered":"\t\t<div data-elementor-type=\"wp-page\" data-elementor-id=\"2368\" class=\"elementor elementor-2368\" data-elementor-settings=\"[]\">\n\t\t\t\t\t\t<div class=\"elementor-inner\">\n\t\t\t\t\t\t\t<div class=\"elementor-section-wrap\">\n\t\t\t\t\t\t\t<section class=\"elementor-section elementor-top-section elementor-element elementor-element-219aadd elementor-section-boxed elementor-section-height-default elementor-section-height-default\" data-id=\"219aadd\" data-element_type=\"section\">\n\t\t\t\t\t\t<div class=\"elementor-container elementor-column-gap-default\">\n\t\t\t\t\t\t\t<div class=\"elementor-row\">\n\t\t\t\t\t<div class=\"elementor-column elementor-col-100 elementor-top-column elementor-element elementor-element-1cdbffa9\" data-id=\"1cdbffa9\" data-element_type=\"column\">\n\t\t\t<div class=\"elementor-column-wrap elementor-element-populated\">\n\t\t\t\t\t\t\t<div class=\"elementor-widget-wrap\">\n\t\t\t\t\t\t<div class=\"elementor-element elementor-element-74a1618f elementor-widget elementor-widget-heading\" data-id=\"74a1618f\" data-element_type=\"widget\" data-widget_type=\"heading.default\">\n\t\t\t\t<div class=\"elementor-widget-container\">\n\t\t\t<h2 class=\"elementor-heading-title elementor-size-large\">Ambla Maarja kirik<\/h2>\t\t<\/div>\n\t\t\t\t<\/div>\n\t\t\t\t<section class=\"elementor-section elementor-inner-section elementor-element elementor-element-5945347d elementor-section-full_width elementor-section-content-top elementor-section-height-default elementor-section-height-default\" data-id=\"5945347d\" data-element_type=\"section\">\n\t\t\t\t\t\t<div class=\"elementor-container elementor-column-gap-default\">\n\t\t\t\t\t\t\t<div class=\"elementor-row\">\n\t\t\t\t\t<div class=\"elementor-column elementor-col-100 elementor-inner-column elementor-element elementor-element-5fc2550b\" data-id=\"5fc2550b\" data-element_type=\"column\">\n\t\t\t<div class=\"elementor-column-wrap elementor-element-populated\">\n\t\t\t\t\t\t\t<div class=\"elementor-widget-wrap\">\n\t\t\t\t\t\t<div class=\"elementor-element elementor-element-4874e828 elementor-widget elementor-widget-text-editor\" data-id=\"4874e828\" data-element_type=\"widget\" data-widget_type=\"text-editor.default\">\n\t\t\t\t<div class=\"elementor-widget-container\">\n\t\t\t\t\t\t\t\t<div class=\"elementor-text-editor elementor-clearfix\">\n\t\t\t\t\t<p><strong>Kirik avatud kell 18.00-20.30<\/strong><\/p><ul><li dir=\"auto\"><strong>18.00 kiriku uksed avatud, orelimuusika<\/strong><\/li><li dir=\"auto\"><strong>19.00 ekskursioon kirikus<\/strong><\/li><li dir=\"auto\"><strong>20.00 nelip\u00fcha koraalide laulmine<\/strong><\/li><\/ul>\t\t\t\t\t<\/div>\n\t\t\t\t\t\t<\/div>\n\t\t\t\t<\/div>\n\t\t\t\t\t\t<\/div>\n\t\t\t\t\t<\/div>\n\t\t<\/div>\n\t\t\t\t\t\t\t\t<\/div>\n\t\t\t\t\t<\/div>\n\t\t<\/section>\n\t\t\t\t<section class=\"elementor-section elementor-inner-section elementor-element elementor-element-4a3fead7 elementor-section-boxed elementor-section-height-default elementor-section-height-default\" data-id=\"4a3fead7\" data-element_type=\"section\">\n\t\t\t\t\t\t<div class=\"elementor-container elementor-column-gap-default\">\n\t\t\t\t\t\t\t<div class=\"elementor-row\">\n\t\t\t\t\t<div class=\"elementor-column elementor-col-50 elementor-inner-column elementor-element elementor-element-1acde2e7\" data-id=\"1acde2e7\" data-element_type=\"column\">\n\t\t\t<div class=\"elementor-column-wrap elementor-element-populated\">\n\t\t\t\t\t\t\t<div class=\"elementor-widget-wrap\">\n\t\t\t\t\t\t<div class=\"elementor-element elementor-element-53273232 elementor-widget elementor-widget-image\" data-id=\"53273232\" data-element_type=\"widget\" data-widget_type=\"image.default\">\n\t\t\t\t<div class=\"elementor-widget-container\">\n\t\t\t\t\t\t\t\t<div class=\"elementor-image\">\n\t\t\t\t\t\t\t\t\t\t\t\t<img loading=\"lazy\" decoding=\"async\" width=\"300\" height=\"300\" src=\"https:\/\/kirikute\u00f6\u00f6.ee\/wp-content\/uploads\/2022\/06\/ambla-300x300.jpg\" class=\"attachment-medium size-medium\" alt=\"\" srcset=\"https:\/\/kirikute\u00f6\u00f6.ee\/wp-content\/uploads\/2022\/06\/ambla-300x300.jpg 300w, https:\/\/kirikute\u00f6\u00f6.ee\/wp-content\/uploads\/2022\/06\/ambla-150x150.jpg 150w, https:\/\/kirikute\u00f6\u00f6.ee\/wp-content\/uploads\/2022\/06\/ambla.jpg 526w\" sizes=\"auto, (max-width: 300px) 100vw, 300px\" \/>\t\t\t\t\t\t\t\t\t\t\t\t\t\t<\/div>\n\t\t\t\t\t\t<\/div>\n\t\t\t\t<\/div>\n\t\t\t\t\t\t<\/div>\n\t\t\t\t\t<\/div>\n\t\t<\/div>\n\t\t\t\t<div class=\"elementor-column elementor-col-50 elementor-inner-column elementor-element elementor-element-1a8c9f6e\" data-id=\"1a8c9f6e\" data-element_type=\"column\">\n\t\t\t<div class=\"elementor-column-wrap elementor-element-populated\">\n\t\t\t\t\t\t\t<div class=\"elementor-widget-wrap\">\n\t\t\t\t\t\t<div class=\"elementor-element elementor-element-29650c40 elementor-widget elementor-widget-text-editor\" data-id=\"29650c40\" data-element_type=\"widget\" data-widget_type=\"text-editor.default\">\n\t\t\t\t<div class=\"elementor-widget-container\">\n\t\t\t\t\t\t\t\t<div class=\"elementor-text-editor elementor-clearfix\">\n\t\t\t\t\t<p>Ambla kirik on J\u00e4rvamaa s\u00e4ilinud kirikutest vanim ning \u00fcks vanemaid Kesk-Eestis. Kiriku ehitamist alustas Liivi ordu arvatavasti 13. sajandi keskel, p\u00e4rast J\u00e4rvamaa minekut ordu v\u00f5imu alla (1238)<\/p>\t\t\t\t\t<\/div>\n\t\t\t\t\t\t<\/div>\n\t\t\t\t<\/div>\n\t\t\t\t\t\t<\/div>\n\t\t\t\t\t<\/div>\n\t\t<\/div>\n\t\t\t\t\t\t\t\t<\/div>\n\t\t\t\t\t<\/div>\n\t\t<\/section>\n\t\t\t\t<section class=\"elementor-section elementor-inner-section elementor-element elementor-element-2b053294 elementor-section-boxed elementor-section-height-default elementor-section-height-default\" data-id=\"2b053294\" data-element_type=\"section\">\n\t\t\t\t\t\t<div class=\"elementor-container elementor-column-gap-default\">\n\t\t\t\t\t\t\t<div class=\"elementor-row\">\n\t\t\t\t\t<div class=\"elementor-column elementor-col-50 elementor-inner-column elementor-element elementor-element-317709a5\" data-id=\"317709a5\" data-element_type=\"column\">\n\t\t\t<div class=\"elementor-column-wrap elementor-element-populated\">\n\t\t\t\t\t\t\t<div class=\"elementor-widget-wrap\">\n\t\t\t\t\t\t<div class=\"elementor-element elementor-element-6af7d165 elementor-widget elementor-widget-google_maps\" data-id=\"6af7d165\" data-element_type=\"widget\" data-widget_type=\"google_maps.default\">\n\t\t\t\t<div class=\"elementor-widget-container\">\n\t\t\t<div class=\"elementor-custom-embed\"><iframe frameborder=\"0\" scrolling=\"no\" marginheight=\"0\" marginwidth=\"0\" src=\"https:\/\/maps.google.com\/maps?q=Ambla%20kirik&amp;t=m&amp;z=13&amp;output=embed&amp;iwloc=near\" title=\"Ambla kirik\" aria-label=\"Ambla kirik\"><\/iframe><\/div>\t\t<\/div>\n\t\t\t\t<\/div>\n\t\t\t\t\t\t<\/div>\n\t\t\t\t\t<\/div>\n\t\t<\/div>\n\t\t\t\t<div class=\"elementor-column elementor-col-50 elementor-inner-column elementor-element elementor-element-59b61686\" data-id=\"59b61686\" data-element_type=\"column\">\n\t\t\t<div class=\"elementor-column-wrap elementor-element-populated\">\n\t\t\t\t\t\t\t<div class=\"elementor-widget-wrap\">\n\t\t\t\t\t\t<div class=\"elementor-element elementor-element-b7a2eba elementor-widget elementor-widget-text-editor\" data-id=\"b7a2eba\" data-element_type=\"widget\" data-widget_type=\"text-editor.default\">\n\t\t\t\t<div class=\"elementor-widget-container\">\n\t\t\t\t\t\t\t\t<div class=\"elementor-text-editor elementor-clearfix\">\n\t\t\t\t\t<p><strong>Aadress: Valguse tee 1, Ambla<\/strong><\/p><p><a href=\"https:\/\/www.facebook.com\/groups\/458592558471577\/\"><strong><span style=\"color: #b50048;\">Facebook \u00bb<\/span><\/strong><\/a><\/p>\t\t\t\t\t<\/div>\n\t\t\t\t\t\t<\/div>\n\t\t\t\t<\/div>\n\t\t\t\t\t\t<\/div>\n\t\t\t\t\t<\/div>\n\t\t<\/div>\n\t\t\t\t\t\t\t\t<\/div>\n\t\t\t\t\t<\/div>\n\t\t<\/section>\n\t\t\t\t\t\t<\/div>\n\t\t\t\t\t<\/div>\n\t\t<\/div>\n\t\t\t\t\t\t\t\t<\/div>\n\t\t\t\t\t<\/div>\n\t\t<\/section>\n\t\t\t\t\t\t<\/div>\n\t\t\t\t\t\t<\/div>\n\t\t\t\t\t<\/div>\n\t\t","protected":false},"excerpt":{"rendered":"<p>Ambla Maarja kirik Kirik avatud kell 18.00-20.30 18.00 kiriku uksed avatud, orelimuusika 19.00 ekskursioon kirikus 20.00 nelip\u00fcha koraalide laulmine Ambla kirik on J\u00e4rvamaa s\u00e4ilinud kirikutest vanim ning \u00fcks vanemaid Kesk-Eestis. Kiriku ehitamist alustas Liivi ordu arvatavasti 13. sajandi keskel, p\u00e4rast J\u00e4rvamaa minekut ordu v\u00f5imu alla (1238) Aadress: Valguse tee 1, Ambla Facebook \u00bb<\/p>\n","protected":false},"author":1,"featured_media":0,"parent":0,"menu_order":0,"comment_status":"closed","ping_status":"closed","template":"","meta":{"footnotes":""},"wf_page_folders":[20],"class_list":["post-2368","page","type-page","status-publish","hentry","entry"],"_links":{"self":[{"href":"https:\/\/kirikute\u00f6\u00f6.ee\/index.php?rest_route=\/wp\/v2\/pages\/2368","targetHints":{"allow":["GET"]}}],"collection":[{"href":"https:\/\/kirikute\u00f6\u00f6.ee\/index.php?rest_route=\/wp\/v2\/pages"}],"about":[{"href":"https:\/\/kirikute\u00f6\u00f6.ee\/index.php?rest_route=\/wp\/v2\/types\/page"}],"author":[{"embeddable":true,"href":"https:\/\/kirikute\u00f6\u00f6.ee\/index.php?rest_route=\/wp\/v2\/users\/1"}],"replies":[{"embeddable":true,"href":"https:\/\/kirikute\u00f6\u00f6.ee\/index.php?rest_route=%2Fwp%2Fv2%2Fcomments&post=2368"}],"version-history":[{"count":19,"href":"https:\/\/kirikute\u00f6\u00f6.ee\/index.php?rest_route=\/wp\/v2\/pages\/2368\/revisions"}],"predecessor-version":[{"id":4845,"href":"https:\/\/kirikute\u00f6\u00f6.ee\/index.php?rest_route=\/wp\/v2\/pages\/2368\/revisions\/4845"}],"wp:attachment":[{"href":"https:\/\/kirikute\u00f6\u00f6.ee\/index.php?rest_route=%2Fwp%2Fv2%2Fmedia&parent=2368"}],"wp:term":[{"taxonomy":"wf_page_folders","embeddable":true,"href":"https:\/\/kirikute\u00f6\u00f6.ee\/index.php?rest_route=%2Fwp%2Fv2%2Fwf_page_folders&post=2368"}],"curies":[{"name":"wp","href":"https:\/\/api.w.org\/{rel}","templated":true}]}}

https://kirikuteöö.ee/?page_id=2368

<div data-elementor-type="wp-page" data-elementor-id="2368" class="elementor elementor-2368" data-elementor-settings="[]">
						<div class="elementor-inner">
							<div class="elementor-section-wrap">
							<section class="elementor-section elementor-top-section elementor-element elementor-element-219aadd elementor-section-boxed elementor-section-height-default elementor-section-height-default" data-id="219aadd" data-element_type="section">
						<div class="elementor-container elementor-column-gap-default">
							<div class="elementor-row">
					<div class="elementor-column elementor-col-100 elementor-top-column elementor-element elementor-element-1cdbffa9" data-id="1cdbffa9" data-element_type="column">
			<div class="elementor-column-wrap elementor-element-populated">
							<div class="elementor-widget-wrap">
						<div class="elementor-element elementor-element-74a1618f elementor-widget elementor-widget-heading" data-id="74a1618f" data-element_type="widget" data-widget_type="heading.default">
				<div class="elementor-widget-container">
			<h2 class="elementor-heading-title elementor-size-large">Ambla Maarja kirik</h2>		</div>
				</div>
				<section class="elementor-section elementor-inner-section elementor-element elementor-element-5945347d elementor-section-full_width elementor-section-content-top elementor-section-height-default elementor-section-height-default" data-id="5945347d" data-element_type="section">
						<div class="elementor-container elementor-column-gap-default">
							<div class="elementor-row">
					<div class="elementor-column elementor-col-100 elementor-inner-column elementor-element elementor-element-5fc2550b" data-id="5fc2550b" data-element_type="column">
			<div class="elementor-column-wrap elementor-element-populated">
							<div class="elementor-widget-wrap">
						<div class="elementor-element elementor-element-4874e828 elementor-widget elementor-widget-text-editor" data-id="4874e828" data-element_type="widget" data-widget_type="text-editor.default">
				<div class="elementor-widget-container">
								<div class="elementor-text-editor elementor-clearfix">
					<p><strong>Kirik avatud kell 18.00-20.30</strong></p><ul><li dir="auto"><strong>18.00 kiriku uksed avatud, orelimuusika</strong></li><li dir="auto"><strong>19.00 ekskursioon kirikus</strong></li><li dir="auto"><strong>20.00 nelipüha koraalide laulmine</strong></li></ul>					</div>
						</div>
				</div>
						</div>
					</div>
		</div>
								</div>
					</div>
		</section>
				<section class="elementor-section elementor-inner-section elementor-element elementor-element-4a3fead7 elementor-section-boxed elementor-section-height-default elementor-section-height-default" data-id="4a3fead7" data-element_type="section">
						<div class="elementor-container elementor-column-gap-default">
							<div class="elementor-row">
					<div class="elementor-column elementor-col-50 elementor-inner-column elementor-element elementor-element-1acde2e7" data-id="1acde2e7" data-element_type="column">
			<div class="elementor-column-wrap elementor-element-populated">
							<div class="elementor-widget-wrap">
						<div class="elementor-element elementor-element-53273232 elementor-widget elementor-widget-image" data-id="53273232" data-element_type="widget" data-widget_type="image.default">
				<div class="elementor-widget-container">
								<div class="elementor-image">
												<img loading="lazy" decoding="async" width="300" height="300" src="https://kirikuteöö.ee/wp-content/uploads/2022/06/ambla-300x300.jpg" class="attachment-medium size-medium" alt="" srcset="https://kirikuteöö.ee/wp-content/uploads/2022/06/ambla-300x300.jpg 300w, https://kirikuteöö.ee/wp-content/uploads/2022/06/ambla-150x150.jpg 150w, https://kirikuteöö.ee/wp-content/uploads/2022/06/ambla.jpg 526w" sizes="auto, (max-width: 300px) 100vw, 300px" />														</div>
						</div>
				</div>
						</div>
					</div>
		</div>
				<div class="elementor-column elementor-col-50 elementor-inner-column elementor-element elementor-element-1a8c9f6e" data-id="1a8c9f6e" data-element_type="column">
			<div class="elementor-column-wrap elementor-element-populated">
							<div class="elementor-widget-wrap">
						<div class="elementor-element elementor-element-29650c40 elementor-widget elementor-widget-text-editor" data-id="29650c40" data-element_type="widget" data-widget_type="text-editor.default">
				<div class="elementor-widget-container">
								<div class="elementor-text-editor elementor-clearfix">
					<p>Ambla kirik on Järvamaa säilinud kirikutest vanim ning üks vanemaid Kesk-Eestis. Kiriku ehitamist alustas Liivi ordu arvatavasti 13. sajandi keskel, pärast Järvamaa minekut ordu võimu alla (1238)</p>					</div>
						</div>
				</div>
						</div>
					</div>
		</div>
								</div>
					</div>
		</section>
				<section class="elementor-section elementor-inner-section elementor-element elementor-element-2b053294 elementor-section-boxed elementor-section-height-default elementor-section-height-default" data-id="2b053294" data-element_type="section">
						<div class="elementor-container elementor-column-gap-default">
							<div class="elementor-row">
					<div class="elementor-column elementor-col-50 elementor-inner-column elementor-element elementor-element-317709a5" data-id="317709a5" data-element_type="column">
			<div class="elementor-column-wrap elementor-element-populated">
							<div class="elementor-widget-wrap">
						<div class="elementor-element elementor-element-6af7d165 elementor-widget elementor-widget-google_maps" data-id="6af7d165" data-element_type="widget" data-widget_type="google_maps.default">
				<div class="elementor-widget-container">
			<div class="elementor-custom-embed"><iframe frameborder="0" scrolling="no" marginheight="0" marginwidth="0" src="https://maps.google.com/maps?q=Ambla%20kirik&amp;t=m&amp;z=13&amp;output=embed&amp;iwloc=near" title="Ambla kirik" aria-label="Ambla kirik"></iframe></div>		</div>
				</div>
						</div>
					</div>
		</div>
				<div class="elementor-column elementor-col-50 elementor-inner-column elementor-element elementor-element-59b61686" data-id="59b61686" data-element_type="column">
			<div class="elementor-column-wrap elementor-element-populated">
							<div class="elementor-widget-wrap">
						<div class="elementor-element elementor-element-b7a2eba elementor-widget elementor-widget-text-editor" data-id="b7a2eba" data-element_type="widget" data-widget_type="text-editor.default">
				<div class="elementor-widget-container">
								<div class="elementor-text-editor elementor-clearfix">
					<p><strong>Aadress: Valguse tee 1, Ambla</strong></p><p><a href="https://www.facebook.com/groups/458592558471577/"><strong><span style="color: #b50048;">Facebook »</span></strong></a></p>					</div>
						</div>
				</div>
						</div>
					</div>
		</div>
								</div>
					</div>
		</section>
						</div>
					</div>
		</div>
								</div>
					</div>
		</section>
						</div>
						</div>
					</div>

<p>Ambla Maarja kirik Kirik avatud kell 18.00-20.30 18.00 kiriku uksed avatud, orelimuusika 19.00 ekskursioon kirikus 20.00 nelipüha koraalide laulmine Ambla kirik on Järvamaa säilinud kirikutest vanim ning üks vanemaid Kesk-Eestis. Kiriku ehitamist alustas Liivi ordu arvatavasti 13. sajandi keskel, pärast Järvamaa minekut ordu võimu alla (1238) Aadress: Valguse tee 1, Ambla Facebook »</p>

https://kirikuteöö.ee/index.php?rest_route=/wp/v2/pages/2368

https://kirikuteöö.ee/index.php?rest_route=/wp/v2/pages

https://kirikuteöö.ee/index.php?rest_route=/wp/v2/types/page

https://kirikuteöö.ee/index.php?rest_route=/wp/v2/users/1

https://kirikuteöö.ee/index.php?rest_route=%2Fwp%2Fv2%2Fcomments&post=2368

https://kirikuteöö.ee/index.php?rest_route=/wp/v2/pages/2368/revisions

https://kirikuteöö.ee/index.php?rest_route=/wp/v2/pages/2368/revisions/4845

https://kirikuteöö.ee/index.php?rest_route=%2Fwp%2Fv2%2Fmedia&parent=2368

https://kirikuteöö.ee/index.php?rest_route=%2Fwp%2Fv2%2Fwf_page_folders&post=2368
