{"id":661,"date":"2019-05-12T17:37:20","date_gmt":"2019-05-12T14:37:20","guid":{"rendered":"https:\/\/kirikute\u00f6\u00f6.ee\/?page_id=661"},"modified":"2025-05-23T10:10:08","modified_gmt":"2025-05-23T07:10:08","slug":"valga-advent","status":"publish","type":"page","link":"https:\/\/kirikute\u00f6\u00f6.ee\/?page_id=661","title":{"rendered":"valga-advent"},"content":{"rendered":"\t\t<div data-elementor-type=\"wp-post\" data-elementor-id=\"661\" class=\"elementor elementor-661\" data-elementor-settings=\"[]\">\n\t\t\t\t\t\t<div class=\"elementor-inner\">\n\t\t\t\t\t\t\t<div class=\"elementor-section-wrap\">\n\t\t\t\t\t\t\t<section class=\"elementor-section elementor-top-section elementor-element elementor-element-1459768f elementor-section-boxed elementor-section-height-default elementor-section-height-default\" data-id=\"1459768f\" data-element_type=\"section\">\n\t\t\t\t\t\t<div class=\"elementor-container elementor-column-gap-default\">\n\t\t\t\t\t\t\t<div class=\"elementor-row\">\n\t\t\t\t\t<div class=\"elementor-column elementor-col-100 elementor-top-column elementor-element elementor-element-5e45a6f6\" data-id=\"5e45a6f6\" data-element_type=\"column\">\n\t\t\t<div class=\"elementor-column-wrap elementor-element-populated\">\n\t\t\t\t\t\t\t<div class=\"elementor-widget-wrap\">\n\t\t\t\t\t\t<div class=\"elementor-element elementor-element-7544441f elementor-widget elementor-widget-heading\" data-id=\"7544441f\" data-element_type=\"widget\" data-widget_type=\"heading.default\">\n\t\t\t\t<div class=\"elementor-widget-container\">\n\t\t\t<h2 class=\"elementor-heading-title elementor-size-large\">Valga Adventkogudus<\/h2>\t\t<\/div>\n\t\t\t\t<\/div>\n\t\t\t\t<section class=\"elementor-section elementor-inner-section elementor-element elementor-element-76db0fff elementor-section-full_width elementor-section-content-top elementor-section-height-default elementor-section-height-default\" data-id=\"76db0fff\" data-element_type=\"section\">\n\t\t\t\t\t\t<div class=\"elementor-container elementor-column-gap-default\">\n\t\t\t\t\t\t\t<div class=\"elementor-row\">\n\t\t\t\t\t<div class=\"elementor-column elementor-col-100 elementor-inner-column elementor-element elementor-element-43c847ad\" data-id=\"43c847ad\" data-element_type=\"column\">\n\t\t\t<div class=\"elementor-column-wrap elementor-element-populated\">\n\t\t\t\t\t\t\t<div class=\"elementor-widget-wrap\">\n\t\t\t\t\t\t<div class=\"elementor-element elementor-element-6699c8b elementor-widget elementor-widget-text-editor\" data-id=\"6699c8b\" data-element_type=\"widget\" data-widget_type=\"text-editor.default\">\n\t\t\t\t<div class=\"elementor-widget-container\">\n\t\t\t\t\t\t\t\t<div class=\"elementor-text-editor elementor-clearfix\">\n\t\t\t\t\t<ul><li><b>Avatud 20.00<strong>\u201324.00<\/strong>\u00a0<\/b><\/li><\/ul>\t\t\t\t\t<\/div>\n\t\t\t\t\t\t<\/div>\n\t\t\t\t<\/div>\n\t\t\t\t\t\t<\/div>\n\t\t\t\t\t<\/div>\n\t\t<\/div>\n\t\t\t\t\t\t\t\t<\/div>\n\t\t\t\t\t<\/div>\n\t\t<\/section>\n\t\t\t\t<section class=\"elementor-section elementor-inner-section elementor-element elementor-element-6daec166 elementor-section-boxed elementor-section-height-default elementor-section-height-default\" data-id=\"6daec166\" data-element_type=\"section\">\n\t\t\t\t\t\t<div class=\"elementor-container elementor-column-gap-default\">\n\t\t\t\t\t\t\t<div class=\"elementor-row\">\n\t\t\t\t\t<div class=\"elementor-column elementor-col-50 elementor-inner-column elementor-element elementor-element-3c2172b\" data-id=\"3c2172b\" data-element_type=\"column\">\n\t\t\t<div class=\"elementor-column-wrap elementor-element-populated\">\n\t\t\t\t\t\t\t<div class=\"elementor-widget-wrap\">\n\t\t\t\t\t\t<div class=\"elementor-element elementor-element-73d8b48a elementor-widget elementor-widget-image\" data-id=\"73d8b48a\" data-element_type=\"widget\" data-widget_type=\"image.default\">\n\t\t\t\t<div class=\"elementor-widget-container\">\n\t\t\t\t\t\t\t\t<div class=\"elementor-image\">\n\t\t\t\t\t\t\t\t\t\t\t\t<img loading=\"lazy\" decoding=\"async\" width=\"300\" height=\"300\" src=\"https:\/\/kirikute\u00f6\u00f6.ee\/wp-content\/uploads\/2019\/05\/valga_advent-300x300.jpg\" class=\"attachment-medium size-medium\" alt=\"\" srcset=\"https:\/\/kirikute\u00f6\u00f6.ee\/wp-content\/uploads\/2019\/05\/valga_advent-300x300.jpg 300w, https:\/\/kirikute\u00f6\u00f6.ee\/wp-content\/uploads\/2019\/05\/valga_advent-150x150.jpg 150w, https:\/\/kirikute\u00f6\u00f6.ee\/wp-content\/uploads\/2019\/05\/valga_advent.jpg 400w\" sizes=\"auto, (max-width: 300px) 100vw, 300px\" \/>\t\t\t\t\t\t\t\t\t\t\t\t\t\t<\/div>\n\t\t\t\t\t\t<\/div>\n\t\t\t\t<\/div>\n\t\t\t\t\t\t<\/div>\n\t\t\t\t\t<\/div>\n\t\t<\/div>\n\t\t\t\t<div class=\"elementor-column elementor-col-50 elementor-inner-column elementor-element elementor-element-6eb3d2e3\" data-id=\"6eb3d2e3\" data-element_type=\"column\">\n\t\t\t<div class=\"elementor-column-wrap elementor-element-populated\">\n\t\t\t\t\t\t\t<div class=\"elementor-widget-wrap\">\n\t\t\t\t\t\t<div class=\"elementor-element elementor-element-1ee7addc elementor-widget elementor-widget-text-editor\" data-id=\"1ee7addc\" data-element_type=\"widget\" data-widget_type=\"text-editor.default\">\n\t\t\t\t<div class=\"elementor-widget-container\">\n\t\t\t\t\t\t\t\t<div class=\"elementor-text-editor elementor-clearfix\">\n\t\t\t\t\t<p class=\"western\">Seitsmenda P\u00e4eva Adventistide Valga kogudus, on \u00fclemaailmse Seitsmenda P\u00e4eva Adventistide kristliku koguduse osa ja oli rajatud 1909 aastal.<br \/>Nimi Seitsmenda P\u00e4eva Adventistid sisaldab meile, kui kirikule, kaht olulist uskumust. &#8216;Adventistid&#8217; peegeldab meie kirglikku veendumust Jeesuse tagasituleku (&#8216;advent&#8217;) l\u00e4heduses. &#8216;Seitsmenda P\u00e4eva&#8217; viitab Piibellikule hingamisp\u00e4evale, mis alates loomisest on alati olnud seitsmendal n\u00e4dalap\u00e4eval, s.o laup\u00e4eval.\u00a0<br \/>Adventistide koguduse missioon on kuulutada k\u00f5igile rahvastele igavest evangeeliumi kaastekstis kolme ingli kuulutusega (Ilmutuse 14:6-12), juhtides neid vastu v\u00f5tma Jeesust kui isiklikku P\u00e4\u00e4stjat, \u00fchendades neid Tema kogudusega ning \u00f5petades neid valmistumisel Tema peatseks tagasitulekuks.<br \/>Meil on palju \u00fchist teiste kristlastega. Me tunnistame ja teenime sama Jumalat ning rajame samamoodi oma lootuse Jeesusele Kristusele \u2014 Tema elule, surmale, \u00fclest\u00f5usmisele ja taastulekule \u2014 ning tulevasele elule, elu v\u00f5idule surma \u00fcle. K\u00f5igi kristlastega \u00fchiselt hindame me Piibli standardt\u00f5lkeid kui jumaliku ilmutuse allikat, \u00f5petuse ja elustiili autoriteetset m\u00f5\u00f5dupuud.<br \/>Me usume, et hingeline ja vaimne tervis \u00fchelt poolt ning f\u00fc\u00fcsiline heak\u00e4ek\u00e4ik teiselt poolt on omavahel tihedalt seotud. Seep\u00e4rast kogudus p\u00fc\u00fcab olla keskuseks, mille kaudu teenitakse inimesi nii nende f\u00fc\u00fcsilistes, vaimsetes, sotsiaalsetes kui ka vaimulikes vajadustes. Koguduses toimuvad reumaliidu koosolekud, kus \u00f5petatakse tervislike eluviiside p\u00f5him\u00f5tteid ja nende rakendamist igap\u00e4evasesse ellu. Samuti jagatakse kasutatud riided ja jalatsid, viiakse l\u00e4bi tervisliku toiduvalmistamise kursused. Viiakse l\u00e4bi laste ja terviselaagrid.<\/p>\t\t\t\t\t<\/div>\n\t\t\t\t\t\t<\/div>\n\t\t\t\t<\/div>\n\t\t\t\t\t\t<\/div>\n\t\t\t\t\t<\/div>\n\t\t<\/div>\n\t\t\t\t\t\t\t\t<\/div>\n\t\t\t\t\t<\/div>\n\t\t<\/section>\n\t\t\t\t<section class=\"elementor-section elementor-inner-section elementor-element elementor-element-261c7c51 elementor-section-boxed elementor-section-height-default elementor-section-height-default\" data-id=\"261c7c51\" data-element_type=\"section\">\n\t\t\t\t\t\t<div class=\"elementor-container elementor-column-gap-default\">\n\t\t\t\t\t\t\t<div class=\"elementor-row\">\n\t\t\t\t\t<div class=\"elementor-column elementor-col-50 elementor-inner-column elementor-element elementor-element-5b8e7d67\" data-id=\"5b8e7d67\" data-element_type=\"column\">\n\t\t\t<div class=\"elementor-column-wrap elementor-element-populated\">\n\t\t\t\t\t\t\t<div class=\"elementor-widget-wrap\">\n\t\t\t\t\t\t<div class=\"elementor-element elementor-element-0454284 elementor-widget elementor-widget-google_maps\" data-id=\"0454284\" data-element_type=\"widget\" data-widget_type=\"google_maps.default\">\n\t\t\t\t<div class=\"elementor-widget-container\">\n\t\t\t<div class=\"elementor-custom-embed\"><iframe frameborder=\"0\" scrolling=\"no\" marginheight=\"0\" marginwidth=\"0\" src=\"https:\/\/maps.google.com\/maps?q=Aia%2011%20Valga&amp;t=m&amp;z=10&amp;output=embed&amp;iwloc=near\" title=\"Aia 11 Valga\" aria-label=\"Aia 11 Valga\"><\/iframe><\/div>\t\t<\/div>\n\t\t\t\t<\/div>\n\t\t\t\t\t\t<\/div>\n\t\t\t\t\t<\/div>\n\t\t<\/div>\n\t\t\t\t<div class=\"elementor-column elementor-col-50 elementor-inner-column elementor-element elementor-element-7255e3b1\" data-id=\"7255e3b1\" data-element_type=\"column\">\n\t\t\t<div class=\"elementor-column-wrap elementor-element-populated\">\n\t\t\t\t\t\t\t<div class=\"elementor-widget-wrap\">\n\t\t\t\t\t\t<div class=\"elementor-element elementor-element-6a5958c4 elementor-widget elementor-widget-text-editor\" data-id=\"6a5958c4\" data-element_type=\"widget\" data-widget_type=\"text-editor.default\">\n\t\t\t\t<div class=\"elementor-widget-container\">\n\t\t\t\t\t\t\t\t<div class=\"elementor-text-editor elementor-clearfix\">\n\t\t\t\t\t<p><strong>Aadress: Aia 11, Valga<\/strong><\/p><p><a href=\"http:\/\/www.advent.ee\/kogudus\/valga\/\"><strong><span style=\"color: #b50048;\">www.advent.ee\/kogudus\/valga<\/span><\/strong><\/a><\/p>\t\t\t\t\t<\/div>\n\t\t\t\t\t\t<\/div>\n\t\t\t\t<\/div>\n\t\t\t\t\t\t<\/div>\n\t\t\t\t\t<\/div>\n\t\t<\/div>\n\t\t\t\t\t\t\t\t<\/div>\n\t\t\t\t\t<\/div>\n\t\t<\/section>\n\t\t\t\t\t\t<\/div>\n\t\t\t\t\t<\/div>\n\t\t<\/div>\n\t\t\t\t\t\t\t\t<\/div>\n\t\t\t\t\t<\/div>\n\t\t<\/section>\n\t\t\t\t\t\t<\/div>\n\t\t\t\t\t\t<\/div>\n\t\t\t\t\t<\/div>\n\t\t","protected":false},"excerpt":{"rendered":"<p>Valga Adventkogudus Avatud 20.00\u201324.00\u00a0 Seitsmenda P\u00e4eva Adventistide Valga kogudus, on \u00fclemaailmse Seitsmenda P\u00e4eva Adventistide kristliku koguduse osa ja oli rajatud 1909 aastal.Nimi Seitsmenda P\u00e4eva Adventistid sisaldab meile, kui kirikule, kaht olulist uskumust. &#8216;Adventistid&#8217; peegeldab meie kirglikku veendumust Jeesuse tagasituleku (&#8216;advent&#8217;) l\u00e4heduses. &#8216;Seitsmenda P\u00e4eva&#8217; viitab Piibellikule hingamisp\u00e4evale, mis alates loomisest on alati olnud seitsmendal n\u00e4dalap\u00e4eval, s.o [&hellip;]<\/p>\n","protected":false},"author":1,"featured_media":0,"parent":0,"menu_order":0,"comment_status":"closed","ping_status":"closed","template":"","meta":{"footnotes":""},"wf_page_folders":[19],"class_list":["post-661","page","type-page","status-publish","hentry","entry"],"_links":{"self":[{"href":"https:\/\/kirikute\u00f6\u00f6.ee\/index.php?rest_route=\/wp\/v2\/pages\/661","targetHints":{"allow":["GET"]}}],"collection":[{"href":"https:\/\/kirikute\u00f6\u00f6.ee\/index.php?rest_route=\/wp\/v2\/pages"}],"about":[{"href":"https:\/\/kirikute\u00f6\u00f6.ee\/index.php?rest_route=\/wp\/v2\/types\/page"}],"author":[{"embeddable":true,"href":"https:\/\/kirikute\u00f6\u00f6.ee\/index.php?rest_route=\/wp\/v2\/users\/1"}],"replies":[{"embeddable":true,"href":"https:\/\/kirikute\u00f6\u00f6.ee\/index.php?rest_route=%2Fwp%2Fv2%2Fcomments&post=661"}],"version-history":[{"count":13,"href":"https:\/\/kirikute\u00f6\u00f6.ee\/index.php?rest_route=\/wp\/v2\/pages\/661\/revisions"}],"predecessor-version":[{"id":4655,"href":"https:\/\/kirikute\u00f6\u00f6.ee\/index.php?rest_route=\/wp\/v2\/pages\/661\/revisions\/4655"}],"wp:attachment":[{"href":"https:\/\/kirikute\u00f6\u00f6.ee\/index.php?rest_route=%2Fwp%2Fv2%2Fmedia&parent=661"}],"wp:term":[{"taxonomy":"wf_page_folders","embeddable":true,"href":"https:\/\/kirikute\u00f6\u00f6.ee\/index.php?rest_route=%2Fwp%2Fv2%2Fwf_page_folders&post=661"}],"curies":[{"name":"wp","href":"https:\/\/api.w.org\/{rel}","templated":true}]}}